ided by (-1)/2*(1 - i)?
0
Let j be 4/(-10) - 52/(-5). Let n = j - -2. Calculate the remainder when 45 is divided by n.
9
Let i(m) = 10*m**3 + m**2 - 1. Calculate the remainder when 17 is divided by i(1).
7
Suppose -2*q = 3*u - 11, 2*u - u = q - 3. Suppose 0 = -4*j - 5*w + 49, -j = -5*j + 2*w + 14. What is the remainder when (33/9)/(2/j) is divided by q?
3
Let p(n) = n**3 - n**2 - 4*n + 7. Calculate the remainder when 21 is divided by p(3).
8
Suppose 0 = 3*o - 12 + 57. Let s be -2 + (-5)/(o/(-24)). What is the remainder when 19 is divided by (-104)/s + 4/(-10)?
9
Let q(h) = h**3 + 7*h**2 - h - 7. Let t be q(-7). Suppose -4*u + 49 = -3*y, 23 = 2*u - 3*y - t*y. Calculate the remainder when u is divided by 5.
3
Let m = -92 + 51. Let l = -24 - m. What is the remainder when 14/3*(-42)/(-4) is divided by l?
15
Calculate the remainder when 50 is divided by (9*3)/((-15)/(-10)).
14
Let y(h) be the first derivative of h**3/3 - h**2/2 + h - 4. Suppose 3*c - 60 = -q, -3*q = -q. What is the remainder when c is divided by y(-2)?
6
Suppose -3*q + 2*l = -4*q + 1, l - 11 = -4*q. Calculate the remainder when 10 is divided by q.
1
Let h = 2 - -2. Suppose -2*i = -h*c + 10, 4*i - c - 21 = -6. Suppose j - i = 9. Calculate the remainder when 41 is divided by j.
13
Suppose -5*o = -13*o + 280. Calculate the remainder when 137 is divided by o.
32
Suppose -5*h + 0*h = 0. Suppose h = -5*x + 1 + 9. Suppose 2*b - 66 = -3*i, 22 = -x*i + 3*i - 5*b. Calculate the remainder when i is divided by 8.
6
Suppose -65 + 25 = -4*o. Let u(t) be the second derivative of t**4/6 - 5*t**3/3 + t**2/2 - 3*t. Calculate the remainder when u(7) is divided by o.
9
Suppose -10*v + 12*v - 80 = 0. What is the remainder when v is divided by 6?
4
Let i(u) = -14*u - 1. Calculate the remainder when 64 is divided by i(-1).
12
Let g(d) = -d**3 + 7*d**2 - 5*d - 1. Let n be (-7 - -4)/(0 + 1). Let m be (-11)/(-2) - n/6. What is the remainder when g(m) is divided by 2?
1
Let q(l) = 6*l - 14. Let a(f) = 3*f - 7. Let k(m) = 11*a(m) - 6*q(m). Let c be 2*1*(-11)/2. Calculate the remainder when k(c) is divided by 14.
12
Suppose 11 + 61 = 3*v. What is the remainder when 45 is divided by v?
21
Let j(w) = -w**3 + 10*w**2 + 12*w - 7. Let u(v) = -2*v**3 + v**2 + v. Calculate the remainder when j(11) is divided by u(-1).
0
Suppose -16 = 478*m - 480*m. Calculate the remainder when m is divided by 2.
0
Suppose -5*b + 8 + 2 = 0. Suppose -10 = -b*v + v. What is the remainder when v is divided by 6?
4
Let u(j) = j + 2. Let h = 5 + -3. What is the remainder when (0 - 1)*(-5 - 6) is divided by u(h)?
3
Suppose 2*f - 11 - 49 = 0. What is the remainder when 57 is divided by f?
27
Let f = -11 + 16. Suppose -13 = -3*l + 4*i - 8*i, f*l - 37 = i. What is the remainder when l is divided by 5?
2
What is the remainder when (5 + -155)*2/(-5) is divided by 9?
6
Let x be (-2)/2*(6 - 9). What is the remainder when 2 is divided by (x - 5 - -1)*-1?
0
Let g(x) = x + 37. Calculate the remainder when g(-14) is divided by 12.
11
Suppose -i + 23 = -5*u - 4, i - 4*u = 22. Suppose -i*h = 5*r - 137, -5*r - 4*h + 0*h + 129 = 0. What is the remainder when r is divided by 4/3*45/6?
9
Let f(s) = -2*s**3 - 2*s**2 + 5*s + 2. Calculate the remainder when f(-3) is divided by 12.
11
Suppose -2*y - 3*y = -15. Calculate the remainder when 3 is divided by y.
0
Let m = 49 + -85. Let f = -18 - m. What is the remainder when f is divided by (-14)/(-3)*6/4?
4
Let x be 1/2*(1 - -3). Let g(i) = i**2 - 6*i - 5. Let z be g(7). Suppose -z*n - x*r + 18 = r, -n + r = -9. Calculate the remainder when n is divided by 5.
4
Let c(b) = -b**2 - 7*b - 3. Let h be c(-6). Let y(k) = -k**3 + 4*k**2 + k. What is the remainder when y(h) is divided by 7?
5
Suppose 4*b + 57 + 15 = -2*c, -c + 44 = -2*b. Let p = 33 + b. Calculate the remainder when 25 is divided by p.
12
Let w(i) = i**2 + 5*i + 2. Let a be w(-2). Let m be (6/9)/(a/(-18)). What is the remainder when 22 is divided by (-4 + 16)*2/m?
6
Suppose 0*m - 12 = -3*m. Let h(d) = d**3 + 7*d**2 + 6*d - 3. Calculate the remainder when h(-5) is divided by (-3 + m)/(2/12).
5
Suppose -3*m + 8 = m, 3*b - 10 = m. What is the remainder when 11 is divided by b?
3
Suppose 19 = 4*r - 1. Suppose 10 + 15 = r*z. Suppose 2*n = -3*x + 136 - 37, z*n - 2*x - 295 = 0. Calculate the remainder when n is divided by 15.
12
Let f(b) = -75*b. What is the remainder when f(-1) is divided by 19?
18
Let u(q) = q**3 + 8*q**2 + 14*q + 2. What is the remainder when 48 is divided by u(-5)?
6
Let f = 182 - 260. Let a = f + 116. What is the remainder when a is divided by 10?
8
Let s be (-2)/(-2 + 4) + 2. Let d = s + 2. Suppose d = 3*b - 9. Calculate the remainder when 7 is divided by b.
3
What is the remainder when 0 + 37 + 5 - -1 is divided by 12?
7
Let a(c) = 2*c**2 - 4. What is the remainder when a(3) is divided by 9?
5
Let u(y) = 2*y**2 + 1. Let w be u(-2). Let k = 26 - w. Let z = -6 + k. Calculate the remainder when z is divided by 7.
4
Let x(w) = 1. Suppose b = -b + 4. Let v(u) = 50*u**2 - 3. Let j(p) = b*x(p) + v(p). Calculate the remainder when j(-1) is divided by 17.
15
Suppose -67 = -5*c + 3*b, -2*c - 4*b = -3*b - 18. What is the remainder when 29 is divided by c?
7
Let o(f) = -f**2 + 3*f + 24. What is the remainder when 27 is divided by o(6)?
3
Let v(g) = 4*g + 1. Calculate the remainder when 83 is divided by v(5).
20
Suppose -3*l = -5*z - 28, 0*l + 18 = -4*z - 2*l. Let v = z - -13. Suppose -4*o + v = -32. What is the remainder when o is divided by 6?
4
Let p(r) = 2*r**2 + r - 1. Suppose 44 = x + 3*x. Suppose x = n - q, 2 = 3*q - 7. What is the remainder when p(-4) is divided by n?
13
Let r be ((-1608)/60)/(4/(-10)). Suppose 0 = -4*x + 33 + r. Calculate the remainder when 97 is divided by x.
22
Suppose 0*p = 3*t - 5*p - 59, -3*p = 2*t - 14. What is the remainder when t is divided by 8?
5
What is the remainder when 68 is divided by 3*-1 - (-9 + -6)?
8
Let c = 6 - -1. What is the remainder when 19 is divided by c?
5
Let g = -1 - -5. Let m = g - -1. What is the remainder when 330/40 + 3/4 is divided by m?
4
Suppose 2*u + 2*m - 5 = 3*u, -15 = 4*u - 3*m. Let f be 16/12*(-21)/1. Calculate the remainder when ((-3)/(-2))/(u/f) is divided by 5.
4
Suppose -3*n + 225 = 5*b, -2*n - 2*n + 308 = 4*b. Suppose 13*p = 8*p + n. What is the remainder when 63 is divided by p?
15
Suppose -4*n = -4 - 0. Suppose n = o - 3. Suppose 2*x = -o*y + 38, -4*y + 3*x - 5 + 18 = 0. What is the remainder when 19 is divided by y?
5
Calculate the remainder when 48 is divided by (-4)/10 + (-127)/(-5).
23
Let h(r) = 4*r + 7. Let w be h(-3). Let x(v) = -v**2 - 7*v - 4. What is the remainder when 10 is divided by x(w)?
4
Let c = 93 - 54. Calculate the remainder when 155 is divided by c.
38
Let x be (5/(-10))/((-2)/16). Let s be (-2)/4*9*-2. Let b = s + x. Calculate the remainder when 25 is divided by b.
12
Suppose -2*b + 88 = -2*l, 2*l = 4*b + b - 229. Let d(f) = -f**3 + 10*f**2 + f + 6. What is the remainder when b is divided by d(10)?
15
Let m = -6 + 8. Suppose 0 = -4*a - 4*b - m + 6, -a + 4*b = -6. Calculate the remainder when 4/6*(67 + a) is divided by 16.
14
Let d(b) = -b**2 - 7*b - 5. Let j = -19 - -14. What is the remainder when d(j) is divided by 4?
1
Suppose -l = -2*z + 93, -4*z + 4*l - l + 185 = 0. Calculate the remainder when 185 is divided by z.
44
Suppose -45 = -j - q, 7*q - 3*q + 196 = 4*j. What is the remainder when j is divided by 11?
3
Suppose 0*z - 5*z + 4*s = -410, -73 = -z - s. Suppose -2*h + 141 = 5*j, -3*j + h + z = -0. What is the remainder when j is divided by 14?
13
Suppose -82 = -4*l + y, 3*y = 2*y + 2. Let n = -179 + 262. What is the remainder when n is divided by l?
20
Let z(y) = -y**3 + 3*y**2 + 1. Let a be z(3). Calculate the remainder when a - -15*(5 - 1) is divided by 4/14 - (-725)/35.
19
Calculate the remainder when (-1)/(((-6)/(-384))/(-1)) is divided by 23.
18
Let p be 9/15 - 17/(-5). Let u = p + -1. Let z(v) = v**2 - v + 4. Calculate the remainder when z(3) is divided by u.
1
Let r = -4 + 15. Let f = r + 6. What is the remainder when f is divided by 6?
5
Suppose -3*c + 10 = -y, 17 = 3*c + 4*y - 3. Let w = c - -3. What is the remainder when 26 is divided by w?
5
Let c(m) = 2*m**2 - 5*m - 3. What is the remainder when c(5) is divided by 6?
4
Let b(c) = 4*c**2 